t is the hundreds digit of c(5)?
1
Let l(h) = h**3 + 85*h**2 - 168*h - 3. What is the thousands digit of l(-85)?
4
Let i(g) = -3*g**3 - g**2 + 15*g + 3. Let n = -415 + 409. What is the units digit of i(n)?
5
Suppose -k + 2*u = -10357, 0 = 3*k + 4*u - 9163 - 21938. What is the units digit of k?
3
Let o(h) = 3*h - 2. Suppose -a - 2 = -u + 1, -5*a - 4*u + 12 = 0. Let b be o(a). What is the tens digit of (b/(-8))/(-3 - (-5007)/1668)?
3
Let c be 1/((-3)/(-1*1305)). Let f = c + -238. What is the units digit of f?
7
Let a be -3*(-5 - (-3 + -3)). Let o be 31 + -2 - (a + 4). Suppose 23*u + 440 = o*u. What is the units digit of u?
8
What is the tens digit of (-1)/(-2)*-3*486480/(-36)?
7
Let k(p) = -14*p + 19 + 6 + 15*p. Let x be k(-12). Suppose x = -6*q + 7*q. What is the units digit of q?
3
Let k(d) = d**2 + d - 20. Let v be k(0). Let a = 19 + v. What is the units digit of -2*((-123)/(-2))/a?
3
Let c be ((-4)/6)/(3 - 959/315). Suppose -1640 = -5*w + c. Suppose 0 = -4*i + 4*m + 452, 0 = -4*i - 2*m + w + 121. What is the tens digit of i?
1
Suppose 1312 + 956 = 6*t. Suppose a = 2 + 6. Suppose -a*x - t = -14*x. What is the tens digit of x?
6
Suppose 65*r = 120062 + 554752 + 82566. What is the hundreds digit of r?
6
Let a be (3/(-9))/((-1)/(-9)) + 5. Suppose -27 = -5*z + o, 0*z - a*o = -z + 9. What is the units digit of z?
5
What is the units digit of 4 - (86/2)/((-38)/10868)?
2
Let n be 4/42 + 4/(-42). Suppose n = -23*s + 14*s + 3042. What is the hundreds digit of s?
3
Let i = 631 - -6336. What is the tens digit of i?
6
What is the thousands digit of (45/(-30))/((-6)/22652*(0 - -1))?
5
Let x be (-34592)/(-20) - (-4 + (-126)/(-35)). Let t = x + -982. What is the hundreds digit of t?
7
What is the thousands digit of 6/(-15) - (-276)/(-460)*39127/(-3)?
7
Let o(x) = -3*x**3 + 3*x**2 + 3*x - 1. Let m = -1 - 5. Let q(u) = 4*u**3 - 3*u**2 - 2*u + 2. Let n(h) = m*q(h) - 5*o(h). What is the units digit of n(-2)?
3
Let d = 693 + -471. Suppose -5*l + 6*l = d. Suppose 6*z - l = 4*z + 4*y, -108 = -z + y. What is the units digit of z?
5
Suppose -130 = 5*b - 135. What is the units digit of (-12069)/(-15) + (-16)/(-40)*b?
5
Suppose 4141 = 4*x + 29*c - 28*c, 0 = 4*x + 2*c - 4142. Suppose -32*s = -29*s - x. What is the tens digit of s?
4
Suppose -m + 7937 - 1087 = -3179. What is the hundreds digit of m?
0
Let n(g) = 49*g**2 + 43*g - 125. What is the hundreds digit of n(15)?
5
Suppose 3 = 4*y + 3*w, 1 - 10 = -y + 2*w. Suppose -4*b - y*q + 903 = 0, 3*q = -3*b - 42 + 720. What is the tens digit of b?
2
Let t = 347 - -10. Suppose 5*l - 118 = s - 2*s, -4*s + t = -3*l. What is the tens digit of s?
9
Suppose -3 - 21 = 3*w. Suppose 2*p + 3*a = -537, 3*a + 301 = -p + 8*a. What is the tens digit of (-16)/(-3)*p/w?
8
Suppose -2*p - 34*n + 32728 = -39*n, 3*n + 65456 = 4*p. What is the hundreds digit of p?
3
Let u = 79 - 85. What is the tens digit of u/(-9)*(-17157)/(-14)?
1
Let f = 8378 + -5774. What is the units digit of f?
4
Let s(w) = 5*w**2 - 88*w - 4. Let z be s(23). Suppose -4*m - 3*d + z = 0, 0*m - 2*d = 4*m - 614. What is the hundreds digit of m?
1
Let o(d) = -8*d**2 + 38*d - 7. Let h(l) = l**2 - 2. Let q(p) = 6*h(p) + o(p). Let a be (2 - (-1)/(-2))*10. What is the hundreds digit of q(a)?
1
Suppose 0 = 5*k - 2*k + 2*l + 64, -5*l - 90 = 4*k. Let r(x) = -129*x + 7. Let u be r(5). What is the units digit of 5/(k/(-6)) + u/(-4)?
1
Let t(a) = -a**2 - 17*a + 51. Let g be t(-20). What is the hundreds digit of -60*(g - (-8)/(-16))?
5
Let m = 1 + 3. Let g be (1 + (-1)/(-3))/(12/54). Suppose -8 - m = -g*x. What is the units digit of x?
2
Let p(x) = 25*x**3 + 3*x**2 - 3*x - 1. Suppose 0 = -9*h + 12*h - 6. Let a be h/(-3)*(-3 - (-4 + 4)). What is the units digit of p(a)?
5
Let m = -1423 + 2876. What is the tens digit of m?
5
Let d = 2495 + -243. What is the tens digit of d?
5
Suppose -49*d + 48*d = 13. Let l be (16 + d)/((-13)/10 - -1). What is the tens digit of l/2 + (-260)/(-2)?
2
Suppose 64*q + 40*q - 2383796 = 433252. What is the tens digit of q?
8
Let v(h) = 257*h**2 + 139*h - 1362. What is the ten thousands digit of v(11)?
3
Suppose -2*l + 0*s = 3*s, -3*l + 2*s = 0. Let p(o) = -70*o - 5. Let h be p(-4). Suppose l = -5*w + 185 + h. What is the tens digit of w?
9
Let n(j) = 21*j + 3*j**2 - 7*j - 4 - 2*j**2 + 24. Let i be n(-20). Suppose i = 5*b - 5*h, 3*b + 8*h - 92 = 3*h. What is the tens digit of b?
2
Suppose -84596 = -63*x - 74*x + 133*x. What is the tens digit of x?
4
Suppose 266 = -c - 172. What is the tens digit of 3/(-2) + (-4)/8 - c?
3
Let p(r) = -68*r - 227. Let v be p(-24). Suppose -4*f = 401 - v. What is the hundreds digit of f?
2
Let w = 201 + -197. Suppose 4*j + 968 = w*g + 40, 2*j = -10. What is the tens digit of g?
2
Let b(f) = 3*f**2 + 23*f + 46. Let q(y) = -36*y**2 - 300*y - 597. Let l(x) = 27*b(x) + 2*q(x). What is the units digit of l(-14)?
8
Let i(q) = 6*q**2 - q + 82. Let b be i(8). Suppose 459*t = b*t + 452. What is the hundreds digit of t?
4
Let f(z) = 4*z**2 - 2*z + 1. Suppose -3*n + 17 = 2*m, m - 26 = -n - 4*n. Let h be f(m). What is the units digit of 27*((-2 - 0) + h)?
7
Suppose 5*f + 15*w - 16*w = 26052, 0 = -2*f + 4*w + 10410. What is the thousands digit of f?
5
Let x = -98 - -64. Suppose 8*p + 1207 = 567. Let f = x - p. What is the tens digit of f?
4
Suppose -714*t = -759*t + 371700. What is the units digit of t?
0
Let s(k) = 4*k**2 + 3*k + 2. Let j(z) = -4*z**2 - 3*z - 2. Let w(i) = 4*j(i) + 5*s(i). Let l = 2290 + -2286. What is the units digit of w(l)?
8
Let g = 1372 - 795. Suppose 2*a - 4*f = 1276, -4*f = 2*a - g - 707. What is the tens digit of a?
4
What is the thousands digit of (5/((-30)/19888))/(8*(-3)/36)?
4
Let h = -9 - -12. Suppose -i - 2*i - 21 = -5*t, -2*t = h*i. What is the units digit of (10/15)/(i/(-3)) + 3?
4
Suppose 0 = -11*r - 3992 - 397. Let z = r + 1035. What is the units digit of z?
6
Let j(s) be the first derivative of s**5/60 - 5*s**4/12 + 9*s**3 + 13. Let b(f) be the third derivative of j(f). What is the units digit of b(7)?
4
Suppose -38*m + 36 = -41*m. What is the tens digit of (-2 + 57)*m/(-30)?
2
Let d(r) be the first derivative of 31*r**2 - 261*r - 170. What is the tens digit of d(31)?
6
Let t(l) = -40 - 46 + 87 - l. Let z be t(1). Suppose 6*u - 111 - 507 = z. What is the tens digit of u?
0
Let r = 42216 + -13391. What is the tens digit of r?
2
Let p = 977 - -206. Suppose 92 + 268 = 45*k. What is the tens digit of p/k - 1/(-8)?
4
Let b = 97 - 95. Suppose 3*f + 4*l + 273 = 1879, -4*l + 1076 = b*f. What is the tens digit of f?
3
Let l = 748 - 476. What is the units digit of l + (-5 + 6)/(2/(-2))?
1
Suppose -5*h + 4*s + s = -72260, 0 = h + 5*s - 14428. What is the thousands digit of h?
4
Suppose 4*v - 921 = -141. Let g be 4654/v - 2/(-15). Let a = 140 - g. What is the hundreds digit of a?
1
Suppose -695*v + 699*v - 4*q - 99208 = 0, q - 49622 = -2*v. What is the tens digit of v?
0
Let u be (-6)/(-15)*6457 - 12/(-60). Let g = -1510 + u. What is the tens digit of g?
7
Suppose -4*l + 4*i - 160 = -0*i, 5*i - 10 = 0. Let p = 40 + l. Suppose -3*a + 151 = -a - u, -2*u = -p*a + 156. What is the units digit of a?
3
Let h(d) = -35*d - 913. What is the units digit of h(-46)?
7
Let i = -10601 - -27397. Suppose -12*t = 14*t - i. What is the hundreds digit of t?
6
What is the ten thousands digit of (2 - (-36)/3)/(1/3917)?
5
Suppose -9*a + 144042 = 3*d, 25*a - 20*a + 20 = 0. What is the units digit of d?
6
Suppose 4429 = 4*m - 5690 - 1517. What is the tens digit of m?
0
Let d(n) = -9*n + 33. Suppose 4*m + 5*s = -136, -5*s - 68 = 2*m - s. What is the hundreds digit of d(m)?
3
Let v = 13972 + 9685. What is the thousands digit of v?
3
Suppose -25*i = 3*i + 37*i - 639860. What is the tens digit of i?
4
Let c(r) = -4*r**3 + 7*r**2 + 45*r + 101. What is the units digit of c(-15)?
1
Suppose -1868 = 23*v - 74. Let k = 849 + v. What is the tens digit of k?
7
Let s be 5/6 + (-1677)/(-234). Suppose 2760 = 16*p - s*p. What is the units digit of p?
5
What is the units digit of -3 - (-19 - (9656 + -8))?
4
What is the ten thousands digit of (-57)/(-38) - 157122/(-4)?
3
What is the hundreds digit of ((-210)/(-15) + -13)/(3/(2 - -128125))?
7
Suppose 0 = 34*h - 851732 + 230382. What is the tens digit of h?
7
Suppose 2*b + 385 = 5*y, 5*y - 154 = 3*y - 4*b. Sup